b(a) + t(a). Give l(r).
-11
Let o(m) = -3*m. Let i(w) = -w**2 - 7*w - 4. Let z(k) = i(k) - o(k). What is z(0)?
-4
Let p(t) be the third derivative of 23*t**4/24 - t**3/6 + 17*t**2 - 30*t. Calculate p(-2).
-47
Let m(h) = -8*h + 16. Let o(n) be the second derivative of n**3/2 - 5*n**2/2 - 4*n + 7. Let f(s) = 2*m(s) + 7*o(s). Suppose -5*p + 0*p + 10 = 0. Give f(p).
7
Let j(b) be the first derivative of 1/2*b**2 - b + 48 + 1/3*b**3. Let k(r) = -4*r**2 - 6*r + 1. Let l(d) = -3*j(d) - k(d). Give l(-2).
0
Suppose -41*i + 28*i + 91 = 0. Let q be (-50)/(-8) - i/(-84)*-3. Let v(l) = -1 - 2 + 2*l - 3. Determine v(q).
6
Suppose 0 = 3*f + 14*u - 16*u + 11, -5 = u. Let c(o) = -2*o**2 - 16*o - 5. Determine c(f).
9
Let l be -1*(-6 + -5) - (182 + -169). Let a(v) = 3*v**3 + 2*v**2 - v - 1. Let q(h) = -15*h**3 - 11*h**2 + 4*h + 5. Let x(c) = -11*a(c) - 2*q(c). Give x(l).
19
Let f = -149441 - -149436. Let p(h) = 4 - h**2 - 2*h - 4*h - 5. Calculate p(f).
4
Let h(c) be the first derivative of -5*c**2 + 19*c - 6570. Calculate h(3).
-11
Let b(y) = y + 6. Let l be b(0). Let j(w) = 47*w - 26. Let n = 2379 + -2374. Let k(g) = 19*g - 12. Let m(r) = n*k(r) - 2*j(r). Give m(l).
-2
Let a(z) = z**3 + 2*z**2 - 2*z - 3. Let h = 102 - 94. Suppose -12 = -4*b, -2*i - h*b = -6*b. Determine a(i).
-6
Suppose 4 + 32 = 6*p. Let o be 42/45*5*p/4. Let m(q) = -5*q + 1. Let n(k) = -15*k + 4. Let b(s) = o*m(s) - 2*n(s). Calculate b(-3).
14
Let i(n) = -3*n + 1. Suppose 6 = -3*g, 4*q + 4*g + 1 = 9. Suppose 21 = 5*m + 2*p, -m + 13 - q = -2*p. Calculate i(m).
-14
Let m(k) = 22*k**2 + 19*k - 348. Let l(o) = 13*o**2 + 10*o - 207. Let v(u) = -5*l(u) + 3*m(u). Let r be ((-2)/4)/((-2)/(-28)). Determine v(r).
-9
Let o(i) = i**2 - 162*i - 2085. Let d be o(-12). Let z(u) = -u**3 + 4*u**2 + 9*u - 7. What is z(d)?
29
Let j(o) = -o + 12. Suppose 0 = 12*q - 5*q - 35. Suppose -4*v + 5*y = 45 - 65, 4*y + 16 = q*v. Give j(v).
12
Let q(c) = -c - 2. Let j(k) = -4*k + 105. Let x(w) = j(w) + 5*q(w). Give x(13).
-22
Let b(n) = n - 8. Suppose -4*r + 36 = 4*z - 0*r, -4*z + r = -46. Suppose -z*a + 3*a = -32. Give b(a).
-4
Let f(k) = -43*k + 1241*k**2 - 610*k**2 - 2 - 612*k**2. Let n(q) = -7*q**2 + 15*q. Let l(a) = 4*f(a) + 11*n(a). Give l(-8).
-16
Let i = 13 + -4. Suppose 3*s + 14 - 29 = 0. Let l(h) = h - 16. Let j(k) = k - 16. Let g(q) = s*j(q) - 4*l(q). Give g(i).
-7
Let j(z) = -34822*z + 34804*z - z**2 + 13 + 12. What is j(-19)?
6
Let w(t) be the second derivative of 5*t**3/6 + t**2 + 128*t. Let c(o) = 24*o + 9. Let f(i) = 2*c(i) - 11*w(i). Give f(-4).
24
Let l(v) be the third derivative of v**5/60 - 7*v**4/6 + 7*v**3/2 - 3*v**2 + 1899*v. Determine l(27).
-6
Let s(l) = 6*l - 2*l**3 - 3*l**3 + 6*l**3 - 7*l**2. Suppose 21*y - 246 = -15. Suppose 0 = 3*j + h - 13, -h - y = -0*j - j. Give s(j).
0
Let s = -31 + 60. Suppose -28*m + s*m = 5. Suppose -2*h + 20 = 4*i - 4*h, -5*i + 25 = -m*h. Let x(u) = u**3 - 5*u**2 + 2*u - 6. Give x(i).
4
Let a(y) = y**3 + y + 1. Let t = 96 - 92. Let d be 48/(-22) + t - (-2)/11. Suppose -3*u - 5*s = 6, 5*u - d*s + 6 = -4. What is a(u)?
-9
Let j(p) = p**2 + 7*p - 9. Suppose -4*q + s = -372, 4*q + 5*s + 168 = 6*q. Suppose 9*v + q = 31. Determine j(v).
-9
Suppose -4*n - 5*r = -60, n + 3*r + 6 - 28 = 0. Let v(w) be the first derivative of w**4/4 - 3*w**3 - 11*w**2/2 + 15*w + 622. Give v(n).
5
Let y be ((-6)/4 + 2)*0/(-21) + -3. Let q(p) = 14*p + 49. Give q(y).
7
Suppose 5*f = 15, 2*g - 4*g = -f - 3. Suppose 18 = 13*m - 4*m. Let h(s) = 2*s**3 + 3 - s**g + s - 44*s**m + 45*s**2 - 20. Determine h(0).
-17
Let l(i) = -14*i**3 - 25*i**2 + 14*i + 5. Let z(a) = 11*a**3 + 24*a**2 - 15*a - 5. Let m(q) = -4*l(q) - 5*z(q). What is m(19)?
5
Let w = 149 - 146. Let p(d) = -220 + 105 + d + 107 - d**w + 8*d**2. Calculate p(8).
0
Let d(k) = 2*k**2 - 5*k + 6. Let j(z) = -13 + 41*z**2 - 15*z + 8*z**3 - 9*z**3 - 49*z**2. Let h be j(-6). What is d(h)?
31
Let p(z) = -311*z**3 + 6 + 16*z + 310*z**3 - 4*z**2 - 7*z. Let h be 1/(-4) + ((-76)/16 - 1). Determine p(h).
24
Let b(z) = z**2 + 21 + 14*z + 4*z**2 - 4*z**2 - 10*z - 20. Calculate b(4).
33
Let m(f) = -65*f**2 + f - 59. Let d(t) = -9*t**2 - 8. Let l(u) = -29*d(u) + 4*m(u). Give l(-11).
73
Let y(x) = x**2 - 6*x - 1. Let m be y(3). Let a = m + 5. Let o(c) = -3*c**2 - 9*c**2 + 0 + 5*c + 14*c**2 - 4. Give o(a).
21
Let z(k) = -k**2 - 10*k + 76. Let m(r) = 5*r**2 + 237*r + 79. Let y be m(-47). Determine z(y).
1
Let z(d) = -2*d**3 - 31*d**2 + 23*d + 132. Let k be z(-16). Let m(h) = -h**3 + 18*h**2 + 40*h - 26. Determine m(k).
-26
Let l be (2/(-2))/(3/21). Let z(y) be the second derivative of -y**5/20 - y**4/2 + 7*y**3/6 + 5*y**2/2 + 52785*y. Calculate z(l).
5
Let h(j) be the second derivative of 2*j**5/5 - j**4/12 + j**2 + 8257*j. What is h(-1)?
-7
Let d(u) be the third derivative of -11*u**4/24 + u**3 + 28*u**2 - 3*u. What is d(-6)?
72
Let w(j) = 4*j**2 + 11*j - 3. Let i = 11079 + -11081. Determine w(i).
-9
Let x(o) = -7*o**2 - 53*o - 21. Let t = -981 - -974. What is x(t)?
7
Suppose -4*y + 2*h = -36, 0*y - 9 = -y - 5*h. Suppose y + 12 = -2*v + l, 5*v - 4*l + 60 = 0. Let f(m) = m**3 + 9*m**2 + 10*m - 10. Determine f(v).
-26
Let p be -8 - 20/(3 - 5). Let w(f) = 27 - 17 + 0 + p*f. Give w(-12).
-14
Let g(z) = -z**3 + 10*z**2 + z - 4. Let y be ((-2)/4*(3 + 0))/(119/(-714)). Give g(y).
86
Let i(p) = 95 + 23 + 45*p - 56*p + 23 + 40*p. Determine i(-5).
-4
Let t(d) = -d**2 - 4*d - 8. Let y(n) = -13. Let x(w) = -t(w) + y(w). Calculate x(-3).
-8
Let k = 18158 - 18119. Let u(a) = -7*a + 260. What is u(k)?
-13
Let p(t) = -31*t + 25. Let g(o) be the second derivative of -11*o**3/6 + 4*o**2 - 52*o. Let w(v) = -11*g(v) + 4*p(v). What is w(10)?
-18
Suppose 21 + 11 = 8*q. Let y(m) = -4*m**3 + 11*m**2 - 5*m - 8. Let x(a) = -a**3 + 4*a**2 - 2*a - 3. Let o(t) = q*y(t) - 11*x(t). Calculate o(-1).
4
Let o(n) = -2*n**2 - 9*n + 20. Let j(z) = 7*z**2 + 25*z - 57. Let f(u) = -3*j(u) - 10*o(u). Give f(2).
-3
Let p(b) = -b**3 - 35*b**2 + b + 32. Let u be p(-35). Let k(m) be the third derivative of m**6/120 + m**5/15 + m**4/24 + m**3/3 + 14*m**2. Give k(u).
8
Let n(z) be the second derivative of z**5/20 + 4*z**3/3 - 12*z**2 + 8228*z. Give n(3).
27
Let q(h) = -h**3 - 15*h**2 + 34*h + 4. Let r be q(-17). Let k(y) = 5*y - 2*y + 11 - 6 - r*y. Let f(u) = 3*u - 1. Let i be f(-2). What is k(i)?
12
Let a = -16 - -10. Let g be a/4*(-64)/(-12). Let l(h) = h + 19. Calculate l(g).
11
Let m be (-6)/(-15)*(30/(-4))/(-3). Let d(x) = 5*x**3 + 6*x**2 + x - 6. Let a(b) = -b**2 - b + 2. Let j(h) = -3*a(h) - d(h). Calculate j(m).
-6
Let z(r) = -r. Let f(i) = i + 1. Let j(o) = -4*f(o) - z(o). Let w(g) = 3*g**2 - 20*g - 47. Let k be w(-2). Give j(k).
-19
Let u(g) = -2*g - 8. Suppose -z = -0*z - 5*d + 28, 0 = 5*z - 5*d + 40. Let r be 5*(2 + z) - 38/(-19). Give u(r).
-2
Suppose -5*n + 4*z - 374 = -293, z + 48 = -4*n. Let b(u) = u**3 + 13*u**2 + 6*u + 87. Give b(n).
9
Let v(z) be the third derivative of -z**7/1680 - z**6/240 + z**5/10 + 23*z**2. Let u(h) be the third derivative of v(h). Suppose -5*w = -6*w + 6. What is u(w)?
-21
Let s(b) = -b**2 - 22*b - 71. Let d be s(-18). Let r(a) = d - 20*a - 8 + 42*a - 29*a - 8*a**2 + a**3. Give r(9).
11
Let n(f) = -f**2 - 10*f + 17. Let m(v) = 2*v**3 - 23*v**2 - 12*v + 2. Let q be m(12). Suppose -2*g + q*d = 31 - 1, 30 = -3*g - 2*d. Calculate n(g).
-7
Let i(a) = a**3 - 7*a**2 - 8*a + 2. Let n be (-6)/(-9)*(9 + (1 - -2)). Let b be i(n). Let r(d) = -20*d**2 - 22*d**b + 43*d**2 + 5*d - 6. Give r(-5).
-6
Let k(o) = 41*o**2 - 7*o + 437. Let g(c) = -7*c**2 - 3*c. Let m(r) = 6*g(r) + k(r). Calculate m(-37).
-7
Let j(v) = -17 + 0 + v**2 + v + 0*v. Suppose 5*t + x = 17, 0 + 4 = -2*t + 5*x. Suppose 4*y - 15 = 3*c, 0 = 5*y - 6*y - t*c - 15. Determine j(y).
-17
Let l(n) = n**3 - 13*n**2 + 10*n - 7. Suppose 3*z + 68 = -k + 78, 0 = 3*z - 6. Let a(y) = 2*y**2 - 2*y - 12. Let s be a(k). What is l(s)?
-31
Let v(o) = o**2 - 11*o + 3. Let i = 325 + -143. Suppose 0 = 7*j + i - 238. What is v(j)?
-21
Let a(s) = -2*s**2 + 68*s + 482. Let u be a(40). Let f(r) = r**3 + 2*r**2 - 3*r + 1. Determine f(u).
11
Let g be 0/(1 + (2 - 2)). Let f(n) = -5*n + g*n + 2*n - 4*n - 1. Let i(a) = 78*a + 389. Let y be i(-5). Give f(y).
6
Let m(f) be the first derivative of -f**6/180 + f**5/60 + 7*f**3 - 2. Let r(t) be th